{"id":80,"date":"2017-09-25T11:05:29","date_gmt":"2017-09-25T08:05:29","guid":{"rendered":"https:\/\/lahdenteollisuusseuransaatio.wordpress.com\/?page_id=80"},"modified":"2022-10-17T12:52:09","modified_gmt":"2022-10-17T09:52:09","slug":"saation-historia","status":"publish","type":"page","link":"https:\/\/www.lahdenteollisuusseuransaatio.fi\/?page_id=80","title":{"rendered":"S\u00e4\u00e4ti\u00f6n historia"},"content":{"rendered":"<h2>Lahden Teollisuusseuran S\u00e4\u00e4ti\u00f6<\/h2>\n<p>Lahden Teollisuusseuran\u00a0 S\u00e4\u00e4ti\u00f6 perustettiin vuonna 2012, kun Lahden Teollisuusseura lahjoitti s\u00e4\u00e4ti\u00f6n perusp\u00e4\u00e4oman. My\u00f6hemmin Lahden Teollisuusseura teki S\u00e4\u00e4ti\u00f6lle kaksi merkitt\u00e4v\u00e4\u00e4 lahjoitusta lis\u00e4\u00e4. S\u00e4\u00e4ti\u00f6 on saanut lahjoituksia ja ottaa niit\u00e4 mielell\u00e4\u00e4n vastaan my\u00f6s muilta tahoilta. S\u00e4\u00e4ti\u00f6 toimii t\u00e4ysin itsen\u00e4isesti yleishy\u00f6dyllisyyden periaatteita noudattaen.<\/p>\n<h2>Lahden Teollisuusseura<\/h2>\n<p>Seuran tarkoituksena on olla teollisuuden ja liike-el\u00e4m\u00e4n alalla toimivien yhteis\u00f6jen ja yksityisten henkil\u00f6iden keskeisen\u00e4 yhdyssiteen\u00e4 Lahdessa ja sen ymp\u00e4rist\u00f6ss\u00e4, sek\u00e4 edist\u00e4\u00e4 taloudellista ja yhteiskunnallista kehityst\u00e4 paikkakunnalla. Seuralla on noin 70 yhteis\u00f6j\u00e4sent\u00e4 ja niill\u00e4 l\u00e4hes 300 edustajaa. Henkil\u00f6j\u00e4seni\u00e4 seuralla on noin 70.<\/p>\n<p>Lahden Teollisuusseura on sota-ajan poikkeuksellisissa olosuhteissa vuonna 1943 perustettu yhdistys, joka pyrkii k\u00e4ytett\u00e4viss\u00e4 olevin voimavaroin edist\u00e4m\u00e4\u00e4n Lahden ja sen ymp\u00e4rist\u00f6n teollisuus- ja liike-el\u00e4m\u00e4\u00e4. Tammikuussa 1945 tehdyn kaupan seurauksena Teollisuusseurasta tuli Lahden Seurahuone Oy:n omistaja ja n\u00e4in merkitt\u00e4v\u00e4 taustavoima hotelli- ja ravintolakulttuurin vaalijana ja kehitt\u00e4j\u00e4n\u00e4 niin kotikaupungissa kuin laajemminkin koko maassa.<\/p>\n<p>Lahden Seurahuone on vuosikymmenten aikana kokenut monet saneeraus- ja laajennustoimenpiteet. Rakennustoiminnan ja kehityksen takuumiehin\u00e4 ovat olleet Teollisuusseuran j\u00e4senyritykset ilman voitontavoittelua. 90-luvun lamavuodet eiv\u00e4t s\u00e4\u00e4st\u00e4neet my\u00f6sk\u00e4\u00e4n Lahden Seurahuonetta.\u00a0 Monien toiminta- ja omistusj\u00e4rjestelyjen j\u00e4lkeen syksyll\u00e4 2011 Teollisuusseura myi Seurahuoneen tontin ja kiinteist\u00f6n alan paikalliselle toimijalle. Kiinteist\u00f6kaupasta saadut varat mahdollistivat osaltaan Lahden Teollisuusseuran S\u00e4\u00e4ti\u00f6n perustamisen.\u00a0<a title=\"www.lahdenteollisuusseura.fi\" href=\"http:\/\/www.lahdenteollisuusseura.fi\/\" target=\"_blank\" rel=\"noopener noreferrer\">www.lahdenteollisuusseura.fi<\/a><\/p>\n","protected":false},"excerpt":{"rendered":"<p>Lahden Teollisuusseuran S\u00e4\u00e4ti\u00f6 Lahden Teollisuusseuran\u00a0 S\u00e4\u00e4ti\u00f6 perustettiin vuonna 2012, kun Lahden Teollisuusseura lahjoitti s\u00e4\u00e4ti\u00f6n perusp\u00e4\u00e4oman. My\u00f6hemmin Lahden Teollisuusseura teki S\u00e4\u00e4ti\u00f6lle kaksi merkitt\u00e4v\u00e4\u00e4 lahjoitusta lis\u00e4\u00e4. S\u00e4\u00e4ti\u00f6 on saanut lahjoituksia ja ottaa niit\u00e4 mielell\u00e4\u00e4n vastaan my\u00f6s muilta tahoilta. S\u00e4\u00e4ti\u00f6 toimii t\u00e4ysin itsen\u00e4isesti yleishy\u00f6dyllisyyden periaatteita noudattaen. Lahden Teollisuusseura Seuran tarkoituksena on olla teollisuuden ja liike-el\u00e4m\u00e4n alalla toimivien yhteis\u00f6jen [&hellip;]<\/p>\n","protected":false},"author":1,"featured_media":648,"parent":336,"menu_order":0,"comment_status":"closed","ping_status":"closed","template":"","meta":{"footnotes":""},"class_list":["post-80","page","type-page","status-publish","has-post-thumbnail","hentry"],"_links":{"self":[{"href":"https:\/\/www.lahdenteollisuusseuransaatio.fi\/index.php?rest_route=\/wp\/v2\/pages\/80","targetHints":{"allow":["GET"]}}],"collection":[{"href":"https:\/\/www.lahdenteollisuusseuransaatio.fi\/index.php?rest_route=\/wp\/v2\/pages"}],"about":[{"href":"https:\/\/www.lahdenteollisuusseuransaatio.fi\/index.php?rest_route=\/wp\/v2\/types\/page"}],"author":[{"embeddable":true,"href":"https:\/\/www.lahdenteollisuusseuransaatio.fi\/index.php?rest_route=\/wp\/v2\/users\/1"}],"replies":[{"embeddable":true,"href":"https:\/\/www.lahdenteollisuusseuransaatio.fi\/index.php?rest_route=%2Fwp%2Fv2%2Fcomments&post=80"}],"version-history":[{"count":4,"href":"https:\/\/www.lahdenteollisuusseuransaatio.fi\/index.php?rest_route=\/wp\/v2\/pages\/80\/revisions"}],"predecessor-version":[{"id":742,"href":"https:\/\/www.lahdenteollisuusseuransaatio.fi\/index.php?rest_route=\/wp\/v2\/pages\/80\/revisions\/742"}],"up":[{"embeddable":true,"href":"https:\/\/www.lahdenteollisuusseuransaatio.fi\/index.php?rest_route=\/wp\/v2\/pages\/336"}],"wp:featuredmedia":[{"embeddable":true,"href":"https:\/\/www.lahdenteollisuusseuransaatio.fi\/index.php?rest_route=\/wp\/v2\/media\/648"}],"wp:attachment":[{"href":"https:\/\/www.lahdenteollisuusseuransaatio.fi\/index.php?rest_route=%2Fwp%2Fv2%2Fmedia&parent=80"}],"curies":[{"name":"wp","href":"https:\/\/api.w.org\/{rel}","templated":true}]}}